?
15
Let j(v) = -3*v**3 + v**2 - v + 1. Let c be j(2). Let p = -63 + 54. Let z = p - c. What is the highest common factor of z and 84?
12
Let s = -337 + 522. Let l be ((6/(-18))/1)/((-4)/444). What is the greatest common factor of l and s?
37
Let p be ((-477)/212)/(57/(-1672)). Let f(y) = 3*y**2 - 4*y + 1. Let c be f(4). What is the greatest common factor of c and p?
33
Let c(u) = 2*u**3 - 132*u**2 + 28*u - 403. Let x be c(66). What is the greatest common factor of x and 51?
17
Let f(b) = 2*b**3 + 3*b**2 - 54*b + 31. Let w be f(7). What is the greatest common divisor of 252 and w?
18
Let b(m) = -m**2 + 5*m + 4. Let c be b(-4). Suppose 3*t = -12, -5*n + 0*t + 191 = -4*t. Let p = c + n. Calculate the highest common factor of 3 and p.
3
Suppose -2*v = -4*c - 1046, 210*c = 3*v + 208*c - 1549. What is the highest common divisor of 27 and v?
27
Let d(b) = -317*b - 683. Let h be d(-5). Calculate the highest common divisor of 44 and h.
22
Let d be (-336)/84 + (-1)/1 + 423. What is the highest common factor of d and 4?
2
Let i = 3606 + -5730. Let v be (-2)/22*2 - i/66. What is the greatest common factor of 128 and v?
32
Suppose 0 = -117*t + 323 + 1049 + 32. Let g = 23 + -13. Suppose -28 = -t*v + g*v. Calculate the highest common divisor of v and 14.
14
Suppose 37*p - 8 = 41*p, -4*g - 5*p + 278 = 0. Calculate the highest common factor of g and 342.
18
Let c be -5 + (-9)/(-3) + 6. Suppose -3*h = -18 - 6. Suppose c*z + h = 20. Calculate the highest common divisor of 6 and z.
3
Suppose -3*l + 3*u = -57, -2*u = 3 - 13. Let p = -26 + l. Let z be p/(-3) - (-3)/9. What is the greatest common factor of 1 and z?
1
Suppose 62*r - 15795 = -19*r. Let y be ((-5)/4)/((-1)/12). Calculate the greatest common factor of y and r.
15
Let q(r) = 74*r + r**2 - 119*r + 0*r**2 + 73*r - 231. Let c be q(-35). Let z be ((-14)/(-3))/((-4)/(-18)). What is the highest common factor of c and z?
7
Let n be (-6)/12*0*(-1)/2. Suppose -5*l - 65 + n = 0. Let h = l + 90. What is the greatest common divisor of h and 7?
7
Suppose 383*g - 8001 = 7319. Let w(c) = 25*c**2 + 2*c + 1. Let j be w(-1). What is the highest common factor of j and g?
8
Let i(v) = 5521*v**2 - 160*v - 159. Let l be i(-1). Calculate the highest common divisor of l and 132.
22
Let x(a) = a**2 + 2*a - 3. Suppose 4*l = -l - 35. Let q be x(l). Suppose 2*y - y = -4*i + 40, 4*y + i = 130. What is the greatest common divisor of y and q?
32
Suppose 2*k = -3*i + 5768, 1699*k - 1694*k - 5762 = -3*i. What is the highest common divisor of 104 and i?
52
Let l = 4493 - 4492. Let t(m) be the first derivative of 27*m**2/2 - 4*m - 1. Let n be t(l). Calculate the highest common factor of 23 and n.
23
Let i = -28 - -31. Let m(d) = -14*d - 16*d**2 + 34 - 3*d**3 + 4*d**i - 19. Let o be m(17). What is the highest common divisor of o and 6?
6
Let f(y) = -4289*y - 266. Let d be f(-1). What is the greatest common factor of d and 54?
27
Suppose -6*g = 381 - 393. Let m = 1 + -2. Let j be m - (21/(-6))/(g/4). What is the highest common factor of 66 and j?
6
Suppose -8 = -2*p + 2. Suppose -p*u = -2*o + 17 + 20, -o + u = -20. Calculate the greatest common factor of o and 21.
21
Suppose 6*y - 3*y = 4*s - 210, 4*s - 2*y = 216. What is the highest common factor of 2375 and s?
19
Suppose -10919 = -3*v + x, 7277 = 2*v + 3*x - 6*x. Suppose 37*z = 11*z + v. Calculate the highest common divisor of 5 and z.
5
Let j(k) = 1221*k + 19866. Let o be j(-15). What is the greatest common factor of 264 and o?
33
Suppose 0 = 14*a - 565 - 34577 - 11758. What is the greatest common factor of 100 and a?
50
Let i be (24/2 + -19)/(3/(-15)). Calculate the greatest common divisor of 5180 and i.
35
Suppose -7*o = -3*o + 48. Let u be o*3/6 - -29. What is the highest common factor of u and 184?
23
Suppose -47*h + 86226 = -58910. What is the highest common factor of h and 80?
16
Suppose 0 = -5*v - 4*z + 8285, 2268 = 2*v + 4*z - 1058. Calculate the highest common factor of v and 261.
87
Let f(b) = -2*b**3 - 34*b**2 + 38*b - 80. Let u be f(-21). Calculate the greatest common factor of u and 30.
10
Let i(f) = -16*f - 31. Let n be i(-4). Suppose -5*d = -6*d + 22. Calculate the greatest common divisor of d and n.
11
Suppose -92*c = -90*c - 16. Let u(h) = 5*h + 20. Let q be u(c). Calculate the greatest common divisor of 156 and q.
12
Let j = -4915 - -4940. Calculate the highest common factor of j and 6.
1
Let a(i) = 20*i + 33. Let p be a(-11). Let z be (p/(-44))/(-17) - (-17)/4. What is the highest common divisor of z and 32?
4
Suppose -2*u + 4*b - 8 = 0, -7*b + 3*b = u - 20. Let c be 2/u*(-380)/(-10). Suppose -101 - c = -5*z. What is the greatest common factor of 36 and z?
12
Let g(b) = -b**2 + 7*b + 5. Let k be g(6). Let d = 749 - 628. Let s = -110 + d. What is the highest common divisor of k and s?
11
Let t(k) = -52*k - 19. Suppose -9 = 4*g + 3*w + 11, -4*w = -3*g + 10. Let d be t(g). Let z = 107 + -73. Calculate the highest common factor of z and d.
17
Suppose -5*z = -2*f + 3*f + 1177, -z - 227 = -4*f. Let q = -421 + z. Let t be q/(-24)*(0 + (-9)/(-2)). Calculate the greatest common factor of 41 and t.
41
Suppose 0 = -5*f + 10, w = -w + 4*f + 32. Suppose 4*g = 5 + 3. Let p be (g/5)/(1/50). What is the highest common factor of w and p?
20
Let g(h) = 11*h + 140. Let q be g(-12). Let w be (33216/20)/q - (-6)/15. What is the greatest common divisor of w and 13?
13
Let v(l) = 9*l + 42. Let f be v(-5). Let x be ((-735)/14)/(f/6). Calculate the highest common divisor of x and 15.
15
Let x be (375/(-10) - 7)/(2/(-8)). Let f = x + -130. What is the highest common divisor of 112 and f?
16
Suppose 6*x - 475 = x. Suppose 11*o = -12*o + 340 + 534. What is the highest common divisor of x and o?
19
Let u = 5055 - 4599. What is the greatest common divisor of 48 and u?
24
Suppose 3*f - f = 0. Suppose -m = -f*m - 385. Suppose 0 = d - 5*v - 35, -4*d = -v - 102 - 38. What is the greatest common factor of m and d?
35
Suppose -4*d = -20, 3*c - 8*d + 4*d = -17. Let k = c - -62. Let h = -475 - -517. Calculate the greatest common factor of h and k.
21
Let l = 11203 - 11194. Let o(v) = -v**2 - 6*v - 4. Let d be o(-5). Calculate the greatest common factor of d and l.
1
Let r(o) = 157*o + 250. Let y be r(-7). Let s = -621 - y. What is the highest common factor of s and 152?
76
Let y be ((-162)/(-45))/((-10)/(-100)). What is the greatest common factor of 1332 and y?
36
Let b be (15 - (-1072)/(-64))*212*-1. Calculate the highest common divisor of b and 53.
53
Suppose -5*v + 2*a + 21 = 1, 0 = -3*v + 5*a + 12. Suppose d - 6 = v*s + s, 5*s = 2*d - 7. Let f = 27 + s. What is the greatest common factor of f and 26?
26
Let w(s) = 4*s**2 + 205*s + 414. Let j be w(-2). What is the highest common factor of j and 7180?
20
Let o be (20 + 0)*(-491 + 491 - (-1 + 1/2)). Suppose 3*m = -m + 16. Let g = m + 26. What is the greatest common divisor of o and g?
10
Suppose 5*l - 2*y - 396 = 0, 2*l + 24 - 178 = 3*y. Suppose o + 5*q - q - 30 = 0, 4*o - 4*q = l. Calculate the greatest common factor of o and 44.
22
Suppose 156 = 5*h - 324. Let y(n) = -n**3 - 3*n**2 + 69. Let q be y(0). Suppose -7*w = -15 - q. Calculate the highest common divisor of h and w.
12
Suppose m - 8 = -3*m. Let g be (5 + -7)/(((-18)/(-21))/3). Let h(r) = -r**2 - 11*r - 20. Let d be h(g). What is the greatest common divisor of m and d?
2
Let g be 10656/15 + 2/(-9) + (-3404)/(-4140). Calculate the greatest common divisor of g and 18.
9
Suppose 24*d = -26*d + 13*d + 518. What is the greatest common divisor of d and 38?
2
Suppose 5*q + 618 - 78 = 0. Let z = 112 + q. Suppose -4*x + 96 = z. What is the greatest common divisor of 23 and x?
23
Let o = 306 + -222. What is the highest common factor of o and 516?
12
Let u = 7 + 174. Suppose u*p - 184*p = -195. What is the highest common divisor of p and 13?
13
Let k(m) = -26*m + 137. Let w be k(5). Let n be (-1678)/(-7) + 6/21. Suppose -i = w*i - n. Calculate the highest common factor of i and 18.
6
Let t = -22008 - -22190. What is the highest common divisor of t and 8762?
26
Suppose -2*x - 486 = -7*x - d, -5*d = 5*x - 490. Let i = -87 + x. Let a be ((-168)/105)/(-1 + 9/i). What is the greatest common divisor of a and 144?
16
Let x(b) = -3*b**3 + 61*b**2 - 153*b - 13. Let l be x(13). Calculate the greatest common div